{"id":999,"date":"2025-01-23T07:13:59","date_gmt":"2025-01-23T10:13:59","guid":{"rendered":"https:\/\/ppe.coppe.ufrj.br\/?post_type=equipe&#038;p=999"},"modified":"2025-10-20T10:17:06","modified_gmt":"2025-10-20T13:17:06","slug":"amaro-pereira","status":"publish","type":"equipe","link":"https:\/\/ppe.coppe.ufrj.br\/en\/equipe\/amaro-pereira\/","title":{"rendered":"Amaro Ol\u00edmpio Pereira Junior"},"content":{"rendered":"\n<ul class=\"wp-block-list\">\n<li>Economista formado pela Universidade Federal Fluminense, com mestrado e doutorado em Planejamento Energ\u00e9tico pela COPPE\/UFRJ.<\/li>\n\n\n\n<li>Atuou como consultor t\u00e9cnico da Empresa de Pesquisa Energ\u00e9tica (EPE) e como Professor Visitante na Universidade Pierre Mend\u00e8s-France em Grenoble, na Fran\u00e7a e na Universidade do Texas em Austin, EUA.<\/li>\n\n\n\n<li>Professor Associado do Programa de Planejamento Energ\u00e9tico da COPPE\/UFRJ, pesquisador do CentroClima\/COPPE\/UFRJ e membro do Comit\u00ea T\u00e9cnico Permanente do Instituto LIFE (Lasting Initiative For Earth).<\/li>\n\n\n\n<li>Coordernador dos cursos de MBA em Gest\u00e3o Energ\u00e9tica &#8211; EUREM e de extens\u00e3o em Gest\u00e3o em Energias Renov\u00e1veis &#8211; GENRE, ambos da COPPE\/UFRJ em colabora\u00e7\u00e3o com a C\u00e2mara de Com\u00e9rcio e Ind\u00fastria Brasil-Alemanha &#8211; AHK-Rio.<\/li>\n\n\n\n<li>Pesquisador de produtividade em pesquisa 2, pelo CNPq e Cientista do Nosso Estado, pela FAPERJ.<\/li>\n\n\n\n<li>Tem experi\u00eancia em modelagem energ\u00e9tica e ambiental, al\u00e9m de atuar nas \u00e1reas de regula\u00e7\u00e3o dos setores de energia, em an\u00e1lises da inser\u00e7\u00e3o de novas tecnologias das diferentes fontes de energia e nas quest\u00f5es relacionadas a mudan\u00e7as clim\u00e1ticas.<\/li>\n\n\n\n<li>Autor de livros, cap\u00edtulos de livros e de dezenas de artigos em revistas internacionais indexadas.<\/li>\n<\/ul>\n","protected":false},"featured_media":1000,"template":"","cargo":[43],"ocupacao":[],"class_list":["post-999","equipe","type-equipe","status-publish","has-post-thumbnail","hentry","cargo-professor-associado"],"acf":[],"mb":[],"spectra_custom_meta":{"_edit_lock":["1773442344:1"],"_thumbnail_id":["1000"],"_edit_last":["1"],"email":["amaro@ppe.ufrj.br"],"_email":["field_6791a7d29f9b0"],"lattes":["http:\/\/lattes.cnpq.br\/2040156874891038"],"_lattes":["field_6791a8049f9b1"],"site":["https:\/\/www.ppe.coppe.ufrj.br\/amaro-pereira\/index.php\/pt\/"],"_site":["field_6792167b6c136"],"_wpml_word_count":["212"],"_wpml_location_migration_done":["1"],"linkedin":["https:\/\/www.linkedin.com\/in\/amaro-pereira-91555663\/"],"_linkedin":["field_67a25aab3fd94"],"orcid":["https:\/\/orcid.org\/0000-0001-9766-1080"],"_orcid":["field_67a0ee16b4f3f"],"researchgate":["https:\/\/www.researchgate.net\/profile\/Amaro-Pereira-Jr?ev=hdr_xprf"],"_researchgate":["field_67a0ee29b4f40"],"scopus":["https:\/\/www.scopus.com\/authid\/detail.uri?authorId=57441552500"],"_scopus":["field_67a0ee41b4f41"],"google-scholar":["https:\/\/scholar.google.com\/citations?user=LA3xaGMAAAAJ&hl=pt-BR&oi=ao"],"_google-scholar":["field_67a0ee5bb4f42"],"academia":["https:\/\/independent.academia.edu\/PereiraAmaro"],"_academia":["field_67a25a9b3fd93"],"clarivate":[""],"_clarivate":["field_67a6438a94dd3"],"_wpml_media_duplicate":["0"],"_wpml_media_featured":["0"],"rank_math_analytic_object_id":["64"],"rank_math_internal_links_processed":["1"],"rank_math_seo_score":["61"],"rank_math_focus_keyword":["Amaro Ol\u00edmpio Pereira Junior"],"rank_math_description":["Economista formado pela Universidade Federal Fluminense, com mestrado e doutorado em Planejamento Energ\u00e9tico pela COPPE\/UFRJ."],"_uag_page_assets":["a:9:{s:3:\"css\";s:263:\".uag-blocks-common-selector{z-index:var(--z-index-desktop) !important}@media (max-width: 976px){.uag-blocks-common-selector{z-index:var(--z-index-tablet) !important}}@media (max-width: 767px){.uag-blocks-common-selector{z-index:var(--z-index-mobile) !important}}\n\";s:2:\"js\";s:0:\"\";s:18:\"current_block_list\";a:26:{i:0;s:10:\"core\/group\";i:2;s:12:\"core\/columns\";i:3;s:11:\"core\/column\";i:4;s:10:\"core\/image\";i:7;s:15:\"core\/navigation\";i:8;s:14:\"core\/shortcode\";i:13;s:24:\"core\/post-featured-image\";i:15;s:15:\"core\/post-title\";i:17;s:14:\"core\/post-date\";i:18;s:15:\"core\/post-terms\";i:19;s:14:\"core\/separator\";i:20;s:17:\"core\/post-content\";i:23;s:25:\"core\/post-navigation-link\";i:25;s:12:\"core\/heading\";i:26;s:10:\"core\/query\";i:27;s:18:\"core\/post-template\";i:28;s:14:\"core\/paragraph\";i:29;s:17:\"core\/social-links\";i:30;s:16:\"core\/social-link\";i:31;s:9:\"core\/list\";i:32;s:14:\"core\/list-item\";i:33;s:11:\"core\/search\";i:34;s:17:\"core\/latest-posts\";i:35;s:20:\"core\/latest-comments\";i:36;s:13:\"core\/archives\";i:37;s:15:\"core\/categories\";}s:8:\"uag_flag\";b:0;s:11:\"uag_version\";s:10:\"1777205045\";s:6:\"gfonts\";a:0:{}s:10:\"gfonts_url\";s:0:\"\";s:12:\"gfonts_files\";a:0:{}s:14:\"uag_faq_layout\";b:0;}"],"_uag_css_file_name":["uag-css-999.css"]},"uagb_featured_image_src":{"full":["https:\/\/ppe.coppe.ufrj.br\/wp-content\/uploads\/2025\/01\/professor-amaro-pereira.png",260,300,false],"thumbnail":["https:\/\/ppe.coppe.ufrj.br\/wp-content\/uploads\/2025\/01\/professor-amaro-pereira.png",260,300,false],"medium":["https:\/\/ppe.coppe.ufrj.br\/wp-content\/uploads\/2025\/01\/professor-amaro-pereira.png",260,300,false],"medium_large":["https:\/\/ppe.coppe.ufrj.br\/wp-content\/uploads\/2025\/01\/professor-amaro-pereira.png",260,300,false],"large":["https:\/\/ppe.coppe.ufrj.br\/wp-content\/uploads\/2025\/01\/professor-amaro-pereira.png",260,300,false],"1536x1536":["https:\/\/ppe.coppe.ufrj.br\/wp-content\/uploads\/2025\/01\/professor-amaro-pereira.png",260,300,false],"2048x2048":["https:\/\/ppe.coppe.ufrj.br\/wp-content\/uploads\/2025\/01\/professor-amaro-pereira.png",260,300,false]},"uagb_author_info":{"display_name":"PPE - COPPE - UFRJ","author_link":"https:\/\/ppe.coppe.ufrj.br\/en\/author\/"},"uagb_comment_info":0,"uagb_excerpt":null,"mfb_rest_fields":["title","spectra_custom_meta","uagb_featured_image_src","uagb_author_info","uagb_comment_info","uagb_excerpt"],"_links":{"self":[{"href":"https:\/\/ppe.coppe.ufrj.br\/en\/wp-json\/wp\/v2\/equipe\/999","targetHints":{"allow":["GET"]}}],"collection":[{"href":"https:\/\/ppe.coppe.ufrj.br\/en\/wp-json\/wp\/v2\/equipe"}],"about":[{"href":"https:\/\/ppe.coppe.ufrj.br\/en\/wp-json\/wp\/v2\/types\/equipe"}],"wp:featuredmedia":[{"embeddable":true,"href":"https:\/\/ppe.coppe.ufrj.br\/en\/wp-json\/wp\/v2\/media\/1000"}],"wp:attachment":[{"href":"https:\/\/ppe.coppe.ufrj.br\/en\/wp-json\/wp\/v2\/media?parent=999"}],"wp:term":[{"taxonomy":"cargo","embeddable":true,"href":"https:\/\/ppe.coppe.ufrj.br\/en\/wp-json\/wp\/v2\/cargo?post=999"},{"taxonomy":"ocupacao","embeddable":true,"href":"https:\/\/ppe.coppe.ufrj.br\/en\/wp-json\/wp\/v2\/ocupacao?post=999"}],"curies":[{"name":"wp","href":"https:\/\/api.w.org\/{rel}","templated":true}]}}

Amaro Olímpio Pereira Junior

<ul class="wp-block-list">
<li>Economista formado pela Universidade Federal Fluminense, com mestrado e doutorado em Planejamento Energético pela COPPE/UFRJ.</li>



<li>Atuou como consultor técnico da Empresa de Pesquisa Energética (EPE) e como Professor Visitante na Universidade Pierre Mendès-France em Grenoble, na França e na Universidade do Texas em Austin, EUA.</li>



<li>Professor Associado do Programa de Planejamento Energético da COPPE/UFRJ, pesquisador do CentroClima/COPPE/UFRJ e membro do Comitê Técnico Permanente do Instituto LIFE (Lasting Initiative For Earth).</li>



<li>Coordernador dos cursos de MBA em Gestão Energética &#8211; EUREM e de extensão em Gestão em Energias Renováveis &#8211; GENRE, ambos da COPPE/UFRJ em colaboração com a Câmara de Comércio e Indústria Brasil-Alemanha &#8211; AHK-Rio.</li>



<li>Pesquisador de produtividade em pesquisa 2, pelo CNPq e Cientista do Nosso Estado, pela FAPERJ.</li>



<li>Tem experiência em modelagem energética e ambiental, além de atuar nas áreas de regulação dos setores de energia, em análises da inserção de novas tecnologias das diferentes fontes de energia e nas questões relacionadas a mudanças climáticas.</li>



<li>Autor de livros, capítulos de livros e de dezenas de artigos em revistas internacionais indexadas.</li>
</ul>

Economista formado pela Universidade Federal Fluminense, com mestrado e doutorado em Planejamento Energético pela COPPE/UFRJ.
